 v(d)?
-22
Let d be 9 + -3 + -2 - (-2 + 8). Let i(q) be the third derivative of q**6/60 + q**5/30 - q**4/24 + 25*q**2. What is i(d)?
-6
Let q(t) = -5*t**3 + 32*t**2 + 3*t + 114. Let v(c) = 62*c**3 - 385*c**2 - 24*c - 1368. Let n(m) = 25*q(m) + 2*v(m). Determine n(31).
-10
Let q(k) be the third derivative of k**8/6720 - 13*k**5/120 - 7*k**4/12 + 21*k**2. Let h(a) be the second derivative of q(a). Give h(0).
-13
Suppose -2*d - 4*o - 44 = -0*o, 4*o + 86 = -5*d. Let b(u) = -210*u + 86. Let t(w) = 79*w - 29. Let q(g) = -3*b(g) - 8*t(g). What is q(d)?
2
Let t(o) = 10*o**3 - 65*o**2 + 86*o + 44. Let l(v) = 4*v**3 - 33*v**2 + 37*v + 21. Let a(n) = 7*l(n) - 3*t(n). Determine a(-18).
-3
Let r(p) = p**2 - 36*p - 2*p**2 + 5 + 35*p. Let d = -84 + 87. Suppose 52 = d*c + 52. Give r(c).
5
Let f(b) = 53*b - 3983. Let y be f(75). Let d(j) = -10*j - 88. Determine d(y).
-8
Let k(u) be the first derivative of -3*u**2/2 + 9*u - 3312. Determine k(0).
9
Let r(n) be the first derivative of -n**2/2 + 9*n - 2. Let l be 3/(6/(-2))*-3. Let y be r(l). Let u(v) = -v**3 + 6*v**2 - 4. Give u(y).
-4
Let i(f) = -2*f**3 + 7*f**2 - 12*f + 7. Let n be i(2). Let j(r) = -25*r - 122. What is j(n)?
3
Let o(n) = 13*n + 232 - 421 + 215 - n - 2*n. Calculate o(-3).
-4
Let g(k) = 2*k - 20. Suppose 16 = 2*u, -h + 11*u = 13*u - 30. Calculate g(h).
8
Let d(h) be the second derivative of 7*h**3/6 - 2*h**2 - 219*h. Give d(1).
3
Suppose 5*s - 44 = 9*s. Let v(n) = 8*n - 2. Let r(x) = -15*x + 4. Let z(p) = s*v(p) - 6*r(p). Let h be (-1 - -5)*86/(-86). Give z(h).
-10
Let z(v) = v - 19. Let s be (260/(-78))/((-7)/(-3) + -3). What is z(s)?
-14
Let p(x) = 35*x - 13. Let t(d) = -8*d + 2. Let h(f) = p(f) + 4*t(f). Suppose 28 = 4*m - 4*n, -m + 4*n + 0*n + 16 = 0. Calculate h(m).
7
Suppose -91*p = 76*p + 2160 - 8005. Let u(h) = -h**3 + 35*h**2 + 2*h - 77. Calculate u(p).
-7
Suppose 0 = 34*t + 122 - 142 - 184. Let s(i) = -i**3 + 10*i**2 - 9*i - 7. Calculate s(t).
83
Let f(i) be the second derivative of i**4/12 + 3*i**3/2 - 3*i**2 + 145*i. Determine f(-10).
4
Let u(i) = -i. Let v be u(-1). Let w(l) be the first derivative of 8*l**2 - l + 883. Determine w(v).
15
Let z(q) = -q**2 - 9*q + 4. Let s = 228 + -225. Suppose -3*o + 4 + 4 = -2*l, -6 = s*o. Give z(l).
18
Suppose 5*m - 4*w - 10 = 0, 5*w - 10 = -5*m + w. Suppose -7*b + 2*b + 1 = -m*k, 25 = 4*k - b. Let i(x) = -x - k*x + 7*x. Calculate i(7).
-7
Let a(l) = l**2 - 34*l - 235. Let x be a(-6). Suppose -4*h - 19 = -2*f + x, -20 = 5*h. Let g(o) = -2*o**2 + 3*o - 1. What is g(f)?
-21
Let j(t) = -t**3 + 3*t**2 + 7*t + 5. Let a = 24 + -21. Let u(y) = 2*y**3 - 6*y**2 - 13*y - 9. Let c(w) = a*u(w) + 5*j(w). Suppose 2*d - 20 + 12 = 0. Give c(d).
-2
Let i(a) be the second derivative of -2*a**3/3 + 3*a**2 - 140528*a. Suppose 2*s - 4 = 6. Determine i(s).
-14
Let u be ((-24)/(-22))/(16 + (-2744)/176). Let f(v) be the first derivative of -14 - 1/4*v**4 + u*v**3 + 1/2*v**2 + 2*v. What is f(8)?
10
Let n(l) = l**3 + 3*l**2 - 3*l + 3. Let s = -65 + 62. Let b be s/((1/(-3 - -2))/(-1)). What is n(b)?
12
Suppose -7*c = -4 + 4. Suppose 21*b + 34 - 13 = c. Let i(g) = 29*g**3 + g**2 + 2*g + 1. Give i(b).
-29
Let p(y) = 175*y - 9. Let a(n) = -287*n + 17. Let v(l) = 3*a(l) + 5*p(l). What is v(-2)?
-22
Suppose 0 = 4*l + 512*r - 517*r - 48, 0 = -5*l + 3*r + 47. Let k(p) = p**3 - 7*p**2 - 10*p + 16. Determine k(l).
-54
Let l(a) be the first derivative of a**2/2 + a - 10. Let v = -192 - -192. Give l(v).
1
Let z be -6*(-2)/12*-3 - -7. Suppose -4*v - n - n - 10 = 0, z*v - 4*n - 8 = 0. Let c(b) = 9*b**3 - b - 1. Determine c(v).
-9
Let c(r) = 7*r + 39. Suppose 3*w + 250 = 3*u + 178, -100 = 5*w - u. Give c(w).
-94
Let z(v) = -v**3 + 3*v**2 + 2*v. Suppose 42*g = 147 - 273. What is z(g)?
48
Let w(s) = 2*s**2 - 13*s + 83. Let u(o) = 4*o**2 - 28*o + 216. Let v(a) = -2*u(a) + 5*w(a). Give v(-2).
9
Let v(o) be the second derivative of 3*o**5/20 - o**4/6 - 2*o**3/3 + 4*o**2 - 3*o - 280. Determine v(3).
59
Let q = 114 - 176. Let t = 67 + q. Let i(n) = 1 + 5*n - 6 + 2 - 1. Determine i(t).
21
Suppose 0*q - 2*m = 2*q - 84, 4*q - m = 183. Let j = -17 + 29. Let f be q/(-12) - 3/j. Let d(a) = a**3 + 5*a**2 + 4*a + 4. Give d(f).
4
Let p(j) = -2*j + 7. Let r(k) = 2*k - 8. Let f(c) = 5*p(c) + 4*r(c). Suppose 5*n - 4*d = 30, 14*n - 19*n - 3*d - 5 = 0. Determine f(n).
-1
Let y(b) = b**2 - 6*b - 33. Let p be y(10). Suppose -8 = 3*j - p*j. Let i(k) = -k - j*k + 1 + 6*k. Give i(-5).
-14
Let m(o) be the third derivative of 3*o**4/8 - 35*o**3/6 + 64*o**2. Let p be m(3). Let u(k) = 4*k + 8. Give u(p).
-24
Let w(h) = -15*h + 156. Let j(r) = 297*r - 3124. Let v(d) = -6*j(d) - 121*w(d). Give v(4).
0
Let s(j) = j - 10. Let i = -8276 + 8286. Give s(i).
0
Let i(j) = j**2 + 14*j + 45. Let k be (4/6)/(9/(-81)). Let g be i(k). Let y(b) be the first derivative of -b**2/2 - 1. Determine y(g).
3
Let x(d) be the third derivative of d**6/40 - d**5/20 - d**4/12 - d**2 - 66. Give x(-1).
-4
Let r(l) be the third derivative of -l**6/120 - 17*l**5/60 - 2*l**4/3 - 5*l**3/3 - 520*l**2 - 14*l. Let n = -28 - -12. What is r(n)?
-10
Let f(d) be the third derivative of 5*d**4/12 - d**3/3 - 342*d**2. Suppose 2*h - 4*p + 18 = 0, 0 = 7*p - 5*p - 6. Determine f(h).
-32
Let i(o) = 4*o - 1. Let m(l) = -5*l + 1. Let z(s) = -4*i(s) - 3*m(s). Let b be 3417/(-402) - 36/(-8). What is z(b)?
5
Let r(c) = -5*c**3 - c**2 + c + 1. Let l(d) be the third derivative of -d**6/120 + d**5/3 - 19*d**4/24 + d**3/6 - 73*d**2. Let b be l(19). What is r(b)?
-4
Let v(m) = -551*m - 6004. Let s(y) = -7*y - 76. Let c(n) = 475*s(n) - 6*v(n). Calculate c(-4).
0
Let b(o) = 4*o**2 + 11*o + 10. Let q(t) = 3*t**2 + 9*t + 9. Let i(m) = 2*b(m) - 3*q(m). Give i(-3).
-1
Let u(q) = -3*q**3 + q**2 - 5*q - 5. Suppose -23*g = -10*g + 6 + 7. Determine u(g).
4
Let d = 281 + -473. Let j = -192 - d. Let o(m) = -m**3 - m. What is o(j)?
0
Let o(v) = v - 33. Suppose a - 6*a + 3*w - 16 = 0, 4*w - 3 = 3*a. Let m be (a + 6 + -1)*1. Give o(m).
-33
Let n(h) = 3*h**3 + 6*h**2 + 2*h - 2. Let d = -432 - -202. Let a = 228 + d. What is n(a)?
-6
Let j(u) = 1177*u + 1179*u + 2 - 2353*u. Suppose 2*p + 6 = 4*g, 3*g - 7 = -0*g - p. Suppose g*w - 6 = 4*w. Calculate j(w).
-7
Let c(d) = -d**2 - 6*d - 7. Let q be c(-5). Let f = 165 - 162. Let n(z) = -1 - 9*z + 7 + 2*z**f - 4 + 3*z**2 + 12*z. What is n(q)?
-8
Let j(u) = 2*u**3 - 7*u**2 + u - 1. Let g(h) = h**3 - 6*h**2 + 2*h. Suppose -4*s - 19 = -s + 5*p, -4*p + 1 = -3*s. Let t(c) = s*g(c) + 2*j(c). Give t(-4).
14
Let q(j) be the second derivative of j**4/12 - j**3/6 - 2*j. Suppose -6*a + l + 2 = -11*a, 2*a - 36 = -5*l. Calculate q(a).
6
Suppose -j - z + 19 = 2*j, 0 = 5*j - z - 37. Let s(w) = -w**2 - 73126 + 3*w + 2*w + 73135. What is s(j)?
-5
Let t(z) be the first derivative of 3*z**2/2 - 8*z - 1. Suppose 0 = 33*m - 22*m - 6809. Let x = m + -613. Determine t(x).
10
Suppose h - 3*h = 4*o + 12, o + h = -5. Let i be (3 + -1 - o) + -4 + 2. Let v(g) = -g + 0 + 1 - 14 + i. What is v(-7)?
-5
Let o(q) = 8*q**3 - 3*q + 1. Suppose 0 = l - 6, 35*l - 30*l = -2*y + 34. Determine o(y).
59
Suppose 3*p = -w + 79 - 77, 0 = -3*p. Let x(s) = 15 + w*s - 22 - 4. What is x(11)?
11
Let x(v) be the third derivative of -1/120*v**6 - 1/20*v**5 - 20*v**2 + 0*v + 0 + 1/8*v**4 - 5/6*v**3. Let u be 12/3*(-1 + 0). Determine x(u).
-1
Let c(y) = -2 + 3 - 3*y - 3. Let o be c(2). Let x(u) = -u**2 + 3*u - 7 - 4*u + u - 8*u. Determine x(o).
-7
Let h(y) = y**3 + 6*y**2 + 7*y + 11. Let v(p) = 52*p - 2501. Let r be v(48). Give h(r).
1
Let c(o) be the third derivative of -o**8/6720 - o**7/504 + o**6/144 + o**5/40 - 15*o**4/8 - 4*o**2 + 2. Let w(h) be the second derivative of c(h). Give w(-6).
9
Suppose -5*l = -9*l + 2*l + 26. Let a(w) = -2*w**3 + 27*w**2 - 10*w - 32. Determine a(l).
7
Let f(t) = -3 - 4*t**2 + 52*t - 3*t**3 + 0*t**2 - 73*t + 0*t**2 + 25*t. What is f(2)?
-35
Suppose -13*n + 54 = -9 - 28. Let h(j) = -j - 12. What is h(n)?
-19
Let t(i) = -i - 234. Let y be t(-18). Let o be (-9)/(-2)*y/(-243). Let v(f) = -3*f**2 + 6*f. Determine v(o).
-24
Let b(x) = -x**3 + 6*x**2 - 5*x - 2. Let y = -969 - -1002. Suppose s - 116 = 5*s. Let j = y + s. Determine b(j).
10
Suppose 8*b + 9 = 5*i, -3*i + 3*b = 6*b - 21. Let j(l) = 2*l**2 - 3*l - 21. What is j(i)?
14
Suppose h + 2*h = -3*u + 3, -u - 2*h - 3 